List the prime factors of z.
2, 3
Let h(a) = -18*a + 114. List the prime factors of h(6).
2, 3
Let j(u) be the first derivative of u**3/3 + 2*u**2 - u + 1. Let p be j(-6). Suppose -p = -5*g + 49. What are the prime factors of g?
2, 3
Let x be (-58)/(-7) + 4/(-14). Suppose x = 4*g, -3*b - g + 3*g = -71. What are the prime factors of b?
5
Let s(t) = t**3 - t**2 - t + 33. List the prime factors of s(0).
3, 11
List the prime factors of 42 - (-2 - 1)/(-3).
41
List the prime factors of 1*5/(-15) - (-340)/3.
113
Let b(r) = -r**3 - 2*r**2 + 2*r + 2. What are the prime factors of b(-5)?
67
What are the prime factors of (-79)/((4 + -5)*2/4)?
2, 79
Suppose q - 3*d - 25 = 0, d - 3*d = -q + 20. Suppose -3*b = 5 + 1, 2*t = 5*b + q. What are the prime factors of t/(-3) - (0 - 10)?
2, 5
Let r(k) = -k**2 + 3*k - 1. Let y be r(4). Let h be y*(-2 + (2 - -1)). Let w = 15 + h. List the prime factors of w.
2, 5
Let z(v) = -v**2 - v + 3. Let j be z(0). Suppose -j = -0*y - y. Let i = y + 3. What are the prime factors of i?
2, 3
Let x = -2 + 7. Let y = -11 - -13. Suppose -5*m - q + 59 = 0, -y*m = -4*q + x*q - 26. What are the prime factors of m?
11
List the prime factors of ((0 + 6)*2)/2.
2, 3
Suppose 2*r + 4*p = -0*p + 20, 2*r = -3*p + 20. Let f(h) = h - 6. List the prime factors of f(r).
2
Let v = 52 + -30. Suppose 2*y - 5*b - 2 = 0, 3*b = -3*y + b + v. What are the prime factors of y?
2, 3
Suppose -4*n = x + 6, -4*x - 11 + 5 = -2*n. Let c be 242/8 - 5/20. List the prime factors of c/8 + n/(-4).
2
Let x(p) = 5*p + 3. List the prime factors of x(5).
2, 7
Let j be (0 - 3)/((-3)/2). Let p(q) = q**2 - 3*q - 2. Let r be p(j). Let z(t) = -t**2 - 6*t. What are the prime factors of z(r)?
2
Let q be -1 + -1 + 8 + 1. Let s = q - 13. Let r = s + 14. What are the prime factors of r?
2
Let g(n) = 2*n**2 + 7*n + 11. List the prime factors of g(5).
2, 3
Let q(v) = -v**3 - 2*v**2 + 3*v + 15. Let p(b) = -2*b**3 - 3*b**2 + 5*b + 29. Let c(m) = 3*p(m) - 5*q(m). What are the prime factors of c(0)?
2, 3
Suppose 4 = g - 0. Let r = 4 - g. Suppose v + 0*n - 3*n = 26, r = -v + 4*n + 30. List the prime factors of v.
2, 7
Let l(h) = 2*h**3 + h. Let o be l(1). Suppose -5*m = c - 5*c + 184, 29 = c + o*m. List the prime factors of c.
41
Let i be (-28)/(-4) - (2 - -1). Suppose -i*r + 0*r + 24 = 0. What are the prime factors of r?
2, 3
Suppose 3*x - 8 = 4. Suppose -4*a + 5*y + 37 = -0*a, -28 = -x*a - 4*y. Suppose -42 - a = -5*p. List the prime factors of p.
2, 5
What are the prime factors of (-402)/(-10) - 4/(-5)?
41
Suppose -n = 3*n. Suppose -4*b + n*b + 52 = 0. What are the prime factors of b?
13
Let b(x) be the third derivative of x**5/60 - 7*x**4/24 - 3*x**3/2 + x**2. Let h be b(9). Let c = h + -4. List the prime factors of c.
5
Suppose 0 = 4*r + 36 - 176. List the prime factors of r.
5, 7
Let o(c) = -c + 1. Let p(v) = -2*v + 1. Let n(b) = 3*o(b) - 2*p(b). What are the prime factors of n(14)?
3, 5
Let b be 9/(-12)*1*36. Let i = -15 - b. What are the prime factors of i?
2, 3
Suppose f = 36 - 14. List the prime factors of f.
2, 11
Suppose 0 = -3*b - 2*b + 120. What are the prime factors of b?
2, 3
Suppose -m + 3 - 1 = 0. Suppose -j + m = 3. List the prime factors of 18/2 - 1/j.
2, 5
Let k be ((-2)/5)/((-4)/20). What are the prime factors of 12 - (1 + -3 + k)?
2, 3
Let f = 18 + -18. Suppose 5*s - 18 + 3 = f. What are the prime factors of s?
3
Suppose -5*x = -4*h - 312 - 919, -5*h + 499 = 2*x. What are the prime factors of x?
13, 19
Let t = -9 + 6. Let l = t - -2. What are the prime factors of l/((-3)/9) - -3?
2, 3
List the prime factors of -14*(36/(-28) + 1) + 54.
2, 29
Let j = -1 + 2. Suppose -3*a + 4*a + j = 0. List the prime factors of (a - 14/(-6))*12.
2
Let r(s) = s**2 + 5*s + 7. What are the prime factors of r(-4)?
3
Suppose i - u - 4 = 0, -3*i + 4*u = -6*i + 12. Let z = i - -4. What are the prime factors of (-2 + -2)*(-6)/z?
3
Let q(c) = c**3 + 1. Let u(i) = -12*i**2 - 2*i - 13. Let w(y) = q(y) - u(y). Let j be w(-12). Let l = j + 21. What are the prime factors of l?
11
Let h = 9 + -24. What are the prime factors of (-3)/h - 218/(-10)?
2, 11
Let b(x) = -x + 1. Let z be b(3). Let o = z + 2. Suppose o*u + u - 3 = 0. What are the prime factors of u?
3
Let h be (0 + -2 + 3)*12. Let t = 23 - h. What are the prime factors of -1 + 0 - (-2 - t)?
2, 3
Suppose -4*l - 2*v + 12 = -0*l, 2*v + 4 = 0. Let i(q) = q**2 - 2 - l*q + q - 1. What are the prime factors of i(5)?
7
List the prime factors of 2*(-4)/16*-54.
3
Suppose -2*k + 25 = -3*z, 4*z - 17 = -5*k + 11. What are the prime factors of (-5)/((-5)/2) + k?
2, 5
Suppose -5*h + 32 + 38 = 0. What are the prime factors of h?
2, 7
Suppose 0 = -5*p - 4*w + 62 - 20, -44 = -5*p - 3*w. Suppose -k = m + 5, -3*k + 2*k = -4*m - 15. Let f = p + m. What are the prime factors of f?
2, 3
Let m(u) = 24*u + 27. List the prime factors of m(7).
3, 5, 13
Suppose 6*u = -5*u + 1166. List the prime factors of u.
2, 53
Suppose 0 = -5*w - 20 + 115. Suppose -5*o = -11 - w. Let k(y) = y**2 - 4*y - 1. What are the prime factors of k(o)?
11
What are the prime factors of (-21)/(-49) + 1800/14?
3, 43
Let p(g) = g**2 - 7*g + 3. Let d be p(7). Suppose 0 = 2*z + d*z - 20. List the prime factors of z.
2
Let s(n) = -4*n + 3. Let x be s(-10). Let t be 2/(-3) - 51/(-9). Suppose -12 = -t*d + x. List the prime factors of d.
11
Suppose 0 = 4*w - 0*w - 148. What are the prime factors of w?
37
Suppose y + 4*t = 111, 284 = 3*y + 4*t - 17. What are the prime factors of y?
5, 19
Suppose 3 = 5*h + i, -2*h + 5*i - 9 = 6. Suppose -s + 3 = -h*s. Suppose s*c - 4 = 35. What are the prime factors of c?
13
Let s = 98 + -140. What are the prime factors of s/(-8) - (-18)/24?
2, 3
Let w = -8 + 11. Suppose -13 = -t + w*n, t + 2*n - 9 = n. Let c = t - -6. List the prime factors of c.
2
Let z(v) = -6*v + 2. Let f be z(-3). Suppose 3*g - g - f = 4*h, 2*h = -6. Suppose -56 = -g*i - 8. What are the prime factors of i?
2, 3
Let o = -105 - -174. Suppose 0 = 4*z - o - 71. List the prime factors of z.
5, 7
Let g be ((-9)/(-6))/(2/4). Let s(j) = -2*j + 1. Let c(x) = -x**2 - 9*x + 6. Let t(v) = -2*c(v) + 11*s(v). List the prime factors of t(g).
5
Suppose -32 = -3*t + 40. Suppose 2*i - t = -o, 4*i - 66 = -3*o + 6. Let c = -14 + o. List the prime factors of c.
2, 5
Let q = 15 - 10. Suppose -k + c = -20, -k + c = -q*k + 55. What are the prime factors of k?
3, 5
Let n be 0*((-9)/3)/(-6). Suppose -r + 0*r - 1 = n. What are the prime factors of (r - 6)*(-2)/2?
7
Let w = -13 + 29. Suppose -n - 4 = -w. What are the prime factors of n?
2, 3
Let p = 5 + 0. Let w(l) = l**2 + 5. Let g be w(p). Let a = g - 17. What are the prime factors of a?
13
Let w(k) = 25*k - 1. Let q be w(1). Suppose -5*r - 20 = g, -5*g - 5*r + 0 = 20. Suppose -2*d + 6 + q = g. List the prime factors of d.
3, 5
Let g(p) = -p**3 - 6*p**2 - 6*p - 3. Let c be 2 - 8/(3 + -2). Let s be g(c). Suppose -4*t - r = -s + 7, -3*t + 19 = r. What are the prime factors of t?
7
Suppose 0 - 21 = -w. List the prime factors of w.
3, 7
List the prime factors of ((-22)/(-8))/(3/12).
11
List the prime factors of (-4)/(-18) - (-914)/18.
3, 17
Let f = 5 - 1. List the prime factors of (-7 + 1)*f/(-3).
2
Let c = -33 + 34. Suppose -14 = 4*a - 2*j - 104, -3*a + 3*j = -69. Let k = c + a. List the prime factors of k.
23
Let v = 3 - 1. Suppose -19 - v = -3*h. What are the prime factors of h?
7
Suppose 4*i = 5*g + 2, i - 11 = -5*g + 2. List the prime factors of i/4*(-80)/(-4).
3, 5
Let k = 13 - -15. What are the prime factors of (6/21)/(2/k)?
2
Let p be (4/8)/(2/(-8)). Let l = p + 5. Suppose -g + l*s - s = 0, g = 3*s - 4. List the prime factors of g.
2
Let d(h) be the third derivative of h**6/720 + 11*h**5/120 - h**4/6 - 4*h**2. Let q(c) be the second derivative of d(c). What are the prime factors of q(8)?
19
Suppose -5*j - m = -2*m - 43, 4*j + 4*m = 20. What are the prime factors of j/(-4) - (1 - 27)?
2, 3
Let f be 4/(-6)*-114*1. Suppose -6*j + 2*j = -f. List the prime factors of j.
19
Suppose 0 = 2*g - 5*l - 759, 10*l = 5*g + 5*l - 1905. What are the prime factors of g?
2, 191
Let t(u) = -u**2 - 18*u - 7. Let c be t(-17). Suppose -d = 2*x - c, 3*x = 3*d + 11 + 13. What are the prime factors of x?
2, 3
Let k = -286 + 428. What are the prime factors of k?
2, 71
List the prime factors of